d by 80?
16
What is the remainder when 2168624 is divided by 94?
44
Calculate the remainder when 1128931 is divided by 8684.
11
Calculate the remainder when 2394299 is divided by 299285.
19
Calculate the remainder when 121377 is divided by 14155.
8137
Calculate the remainder when 434962 is divided by 28997.
7
Calculate the remainder when 3209328 is divided by 1607.
149
What is the remainder when 3256705 is divided by 2246?
5
What is the remainder when 8327 is divided by 540?
227
Calculate the remainder when 11568 is divided by 1286.
1280
What is the remainder when 46324902 is divided by 5?
2
Calculate the remainder when 3413276 is divided by 37.
26
What is the remainder when 1196089848 is divided by 50?
48
Calculate the remainder when 3418192 is divided by 219.
40
What is the remainder when 189535 is divided by 7677?
5287
Calculate the remainder when 107962916 is divided by 82.
76
What is the remainder when 14106803 is divided by 1361?
38
What is the remainder when 2106723 is divided by 2984?
19
Calculate the remainder when 7555 is divided by 3670.
215
What is the remainder when 293729 is divided by 1360?
1329
What is the remainder when 4964620 is divided by 1064?
1060
Calculate the remainder when 308997 is divided by 15437.
257
Calculate the remainder when 2378632 is divided by 2378524.
108
Calculate the remainder when 3578126 is divided by 183.
110
Calculate the remainder when 81983528 is divided by 319002.
14
Calculate the remainder when 112685 is divided by 4258.
1977
What is the remainder when 113885 is divided by 500?
385
What is the remainder when 365833 is divided by 1330?
83
Calculate the remainder when 299722 is divided by 99804.
310
Calculate the remainder when 44058 is divided by 14522.
492
What is the remainder when 378922 is divided by 94729?
6
What is the remainder when 1334494 is divided by 333610?
54
Calculate the remainder when 24891 is divided by 319.
9
What is the remainder when 26851964 is divided by 9?
5
Calculate the remainder when 2918623404 is divided by 49.
46
Calculate the remainder when 227577 is divided by 110693.
6191
Calculate the remainder when 2071706 is divided by 23.
4
Calculate the remainder when 18735 is divided by 1857.
165
Calculate the remainder when 12557109 is divided by 73865.
59
Calculate the remainder when 28810049 is divided by 20.
9
What is the remainder when 5084464 is divided by 1694689?
397
What is the remainder when 4704282 is divided by 19?
15
What is the remainder when 165666 is divided by 54000?
3666
Calculate the remainder when 124822 is divided by 62157.
508
What is the remainder when 3659780 is divided by 731954?
10
What is the remainder when 77078756 is divided by 7129?
8
Calculate the remainder when 11674536 is divided by 79.
74
Calculate the remainder when 14522998 is divided by 17106.
4
Calculate the remainder when 1394777 is divided by 888.
617
What is the remainder when 1507019 is divided by 12?
11
Calculate the remainder when 206136 is divided by 5224.
2400
What is the remainder when 8522853 is divided by 11580?
11553
What is the remainder when 60682461 is divided by 92?
89
Calculate the remainder when 6498218 is divided by 155.
153
What is the remainder when 321695974 is divided by 147?
145
Calculate the remainder when 35141 is divided by 23.
20
What is the remainder when 523137 is divided by 261419?
299
Calculate the remainder when 1102345 is divided by 141.
7
Calculate the remainder when 16370540 is divided by 717.
713
Calculate the remainder when 8075459 is divided by 26219.
7
What is the remainder when 18890252 is divided by 1076?
1072
What is the remainder when 129933 is divided by 10820?
93
What is the remainder when 459790 is divided by 458?
416
What is the remainder when 6508205 is divided by 8334?
7685
Calculate the remainder when 388155 is divided by 3661.
89
Calculate the remainder when 67040 is divided by 66504.
536
Calculate the remainder when 16069089 is divided by 1236080.
49
Calculate the remainder when 5271376 is divided by 2188.
484
What is the remainder when 407917 is divided by 225?
217
What is the remainder when 77911091 is divided by 16094?
37
What is the remainder when 186373 is divided by 1456?
5
Calculate the remainder when 16065861 is divided by 4.
1
Calculate the remainder when 53189 is divided by 3010.
2019
What is the remainder when 56879 is divided by 593?
544
Calculate the remainder when 620901 is divided by 67928.
9549
What is the remainder when 5563969 is divided by 111?
94
What is the remainder when 134309 is divided by 1392?
677
Calculate the remainder when 4306492 is divided by 675.
667
What is the remainder when 284231 is divided by 7287?
38
Calculate the remainder when 144928 is divided by 36155.
308
What is the remainder when 377981 is divided by 913?
912
Calculate the remainder when 145329 is divided by 36241.
365
Calculate the remainder when 144933 is divided by 1438.
1133
Calculate the remainder when 736412 is divided by 6136.
92
What is the remainder when 29488123 is divided by 2627?
48
What is the remainder when 513544 is divided by 1023?
1021
What is the remainder when 48329 is divided by 22360?
3609
Calculate the remainder when 458876 is divided by 65514.
278
What is the remainder when 310201994 is divided by 3607?
3601
Calculate the remainder when 119807102 is divided by 7987138.
32
What is the remainder when 19230526 is divided by 121?
117
What is the remainder when 50514 is divided by 1098?
6
What is the remainder when 34208729 is divided by 54?
53
Calculate the remainder when 1553383 is divided by 91373.
42
Calculate the remainder when 16677 is divided by 12.
9
Calculate the remainder when 72236 is divided by 72.
20
What is the remainder when 31605060 is divided by 1316?
4
Calculate the remainder when 8355067 is divided by 35.
7
What is the remainder when 68349 is divided by 62492?
5857
Calculate the remainder when 31114756 is divided by 62.
56
What is the remainder when 394855 is divided by 394844?
11
Calculate the remainder when 10989974 is divided by 5494981.
12
What is the remainder when 54085 is divided by 13517?
17
What is the remainder when 159795 is divided by 2252?
2155
Calculate the remainder when 275553 is divided by 3084.
1077
Calculate the remainder when 589252 is divided by 2355.
502
Calculate the remainder when 221089886 is divided by 4019816.
6
What is the remainder when 66871 is divided by 969?
10
Calculate the remainder when 4147 is divided by 1373.
28
What is the remainder when 32151 is divided by 6316?
571
Calculate the remainder when 521666 is divided by 279.
215
What is the remainder when 230858731 is divided by 169?
168
What is the remainder when 604726 is divided by 302326?
74
Calculate the remainder when 122261 is divided by 37292.
10385
Calculate the remainder when 43766 is divided by 1861.
963
What is the remainder when 15540973 is divided by 77?
63
Calculate the remainder when 3156073 is divided by 108.
97
Calculate the remainder when 13745346 is divided by 2290890.
6
Calculate the remainder when 2532970 is divided by 15831.
10
What is the remainder when 2934929 is divided by 271?
270
What is the remainder when 2138320 is divided by 237522?
622
What is the remainder when 7528859 is divided by 1272?
1163
Calculate the remainder when 1413585 is divided by 124.
109
Calculate the remainder when 43828243 is divided by 543.
541
Calculate the remainder when 4823852 is divided by 34.
0
Calculate the remainder when 2506660 is divided by 155.
0
What is the remainder when 755764 is divided by 1958?
1934
Calculate the remainder when 1274216855 is divided by 9777.
9776
What is the remainder when 813371123 is divided by 429?
422
Calculate the remainder when 518062 is divided by 43.
41
Calculate the remainder when 18649679 is divided by 34.
33
What is the remainder when 8748715 is divided by 1069?
19
What is the remainder when 8718861 is divided by 2906186?
303
Calculate the remainder when 195595 is divided by 6598.
4253
What is the remainder when 2341708 is divided by 59?
57
What is the remainder when 40718038 is divided by 12?
10
Calculate the remainder when 43967770 is divided by 36.
34
Calculate the remainder when 1584251630 is divided by 3319.
3317
What is the remainder when 1704407 is divided by 1379?
1342
